{"id":466,"date":"2022-01-13T11:00:18","date_gmt":"2022-01-13T14:00:18","guid":{"rendered":"https:\/\/pestalozzidemaceio.org.br\/web\/?page_id=466"},"modified":"2022-05-12T14:08:00","modified_gmt":"2022-05-12T17:08:00","slug":"educacao","status":"publish","type":"page","link":"https:\/\/pestalozzidemaceio.org.br\/web\/educacao\/","title":{"rendered":"Educa\u00e7\u00e3o"},"content":{"rendered":"\n<figure class=\"wp-block-image size-large\"><img loading=\"lazy\" decoding=\"async\" width=\"1024\" height=\"225\" src=\"https:\/\/pestalozzidemaceio.org.br\/web\/wp-content\/uploads\/2022\/01\/EDUCACAO-1024x225.png\" alt=\"\" class=\"wp-image-625\" srcset=\"https:\/\/pestalozzidemaceio.org.br\/web\/wp-content\/uploads\/2022\/01\/EDUCACAO-1024x225.png 1024w, https:\/\/pestalozzidemaceio.org.br\/web\/wp-content\/uploads\/2022\/01\/EDUCACAO-300x66.png 300w, https:\/\/pestalozzidemaceio.org.br\/web\/wp-content\/uploads\/2022\/01\/EDUCACAO-768x169.png 768w, https:\/\/pestalozzidemaceio.org.br\/web\/wp-content\/uploads\/2022\/01\/EDUCACAO.png 1200w\" sizes=\"auto, (max-width: 1024px) 100vw, 1024px\" \/><\/figure>\n\n\n\n\n\n<p class=\"has-medium-font-size\">O Centro de Atendimento Educacional Especializado Genilda Porto \u00e9 um centro de refer\u00eancia para atendimento especializado, prestando servi\u00e7os de qualidade por meio de uma gest\u00e3o eficiente e compartilhada. Possui conv\u00eanio com a Secretaria Municipal de Educa\u00e7\u00e3o &#8211; SEMED, oferecendo Educa\u00e7\u00e3o de Jovens, Adultos e Idosos &#8211; EJAI e Atendimento Educacional Especializado \u2013 AEE.<\/p>\n\n\n\n<p class=\"has-medium-font-size\">O programa de Atendimento Educacional Especializado da Associa\u00e7\u00e3o Pestalozzi valoriza as aprendizagens ao longo da vida, sendo especialmente voltado para as pessoas que possuem diversidades funcionais, a partir dos 15 anos (EJAI) e 4 anos (AEE) de idade. O p\u00fablico atendido \u00e9, em sua maioria, constitu\u00eddo por pessoas em situa\u00e7\u00e3o de vulnerabilidade social, com condi\u00e7\u00f5es prec\u00e1rias de moradia, tendo pouca (ou nenhuma) informa\u00e7\u00e3o acerca dos seus direitos e dos mecanismos para garant\u00ed-los. Trata-se, portanto, de pessoas que possuem seus direitos violados e que necessitam de assist\u00eancia social, educacional e de sa\u00fade compat\u00edvel com suas necessidades biopsicossociais.<\/p>\n\n\n\n<h1 class=\"wp-block-heading\" id=\"outros-programas\" style=\"font-size:25px\">Outros programas:<\/h1>\n\n\n\n<p class=\"has-medium-font-size\"><strong>Programas pr\u00e9-profissionalizantes em cozinha experimental, oficina de produ\u00e7\u00e3o artesanal e ateli\u00ea de costura<\/strong><\/p>\n\n\n\n<p class=\"has-medium-font-size\">Propiciam o desenvolvimento das habilidades art\u00edsticas, culin\u00e1rias e produ\u00e7\u00e3o de pe\u00e7as.<\/p>\n\n\n\n<p class=\"has-medium-font-size\"><strong>Atividades complementares: dan\u00e7a, percuss\u00e3o, m\u00fasica, capoeira e inform\u00e1tica.<\/strong><\/p>\n\n\n\n<p class=\"has-medium-font-size\">As atividades complementares t\u00eam como finalidade o enriquecimento no processo de ensino e aprendizagem, valorizando a complementa\u00e7\u00e3o da forma\u00e7\u00e3o social e profissional dos estudantes, conforme as respectivas diretrizes curriculares. <\/p>\n\n\n\n<p class=\"has-medium-font-size\"><strong>Esporte de rendimento: atletismo, nata\u00e7\u00e3o, futsal e bocha<\/strong><\/p>\n\n\n\n<p class=\"has-medium-font-size\">O paradesporto \u00e9 desenvolvido dentro na institui\u00e7\u00e3o, visando dar a oportunidade de participa\u00e7\u00e3o da pessoa com defici\u00eancia dentro do esporte e contribuindo para sua reabilita\u00e7\u00e3o e inclus\u00e3o social.<\/p>\n\n\n\n<hr class=\"wp-block-separator\"\/>\n\n\n\n<figure class=\"wp-block-image size-large is-resized\"><img loading=\"lazy\" decoding=\"async\" src=\"https:\/\/pestalozzidemaceio.org.br\/web\/wp-content\/uploads\/2022\/01\/APRENDIZ-INCLUSIVO-1024x427.png\" alt=\"\" class=\"wp-image-619\" width=\"1200\" height=\"500\" srcset=\"https:\/\/pestalozzidemaceio.org.br\/web\/wp-content\/uploads\/2022\/01\/APRENDIZ-INCLUSIVO-1024x427.png 1024w, https:\/\/pestalozzidemaceio.org.br\/web\/wp-content\/uploads\/2022\/01\/APRENDIZ-INCLUSIVO-300x125.png 300w, https:\/\/pestalozzidemaceio.org.br\/web\/wp-content\/uploads\/2022\/01\/APRENDIZ-INCLUSIVO-768x320.png 768w, https:\/\/pestalozzidemaceio.org.br\/web\/wp-content\/uploads\/2022\/01\/APRENDIZ-INCLUSIVO.png 1200w\" sizes=\"auto, (max-width: 1200px) 100vw, 1200px\" \/><\/figure>\n\n\n\n<p class=\"has-medium-font-size\">O Aprendiz Inclusivo \u00e9 um projeto de aprendizagem, com dura\u00e7\u00e3o de 12 (doze) meses, custeado atrav\u00e9s de ementa parlamentar da Deputada Federal Tereza Nelma e vinculado ao Minist\u00e9rio da Mulher, da Fam\u00edlia e dos Direitos Humanos. <\/p>\n\n\n\n<p class=\"has-medium-font-size\">O projeto visa inserir 120 jovens maceioenses, com e sem defici\u00eancia e em situa\u00e7\u00e3o de vulnerabilidade, no mercado de trabalho, os oferecendo cursos de capacita\u00e7\u00e3o profissional em uma das seguintes \u00e1reas: auxiliar administrativo, servi\u00e7os gerais, varejo e telemarketing. Os cursos ofertados tem a finalidade de desenvolver as habilidades do jovem, promover a inclus\u00e3o social e aumentar a autonomia inerente ao grupo.<\/p>\n\n\n\n<figure class=\"wp-block-image size-large is-resized\"><img loading=\"lazy\" decoding=\"async\" src=\"https:\/\/pestalozzidemaceio.org.br\/web\/wp-content\/uploads\/2022\/01\/APRENDIZ-PESTALOZZI-2-1024x427.png\" alt=\"\" class=\"wp-image-622\" width=\"1200\" height=\"500\" srcset=\"https:\/\/pestalozzidemaceio.org.br\/web\/wp-content\/uploads\/2022\/01\/APRENDIZ-PESTALOZZI-2-1024x427.png 1024w, https:\/\/pestalozzidemaceio.org.br\/web\/wp-content\/uploads\/2022\/01\/APRENDIZ-PESTALOZZI-2-300x125.png 300w, https:\/\/pestalozzidemaceio.org.br\/web\/wp-content\/uploads\/2022\/01\/APRENDIZ-PESTALOZZI-2-768x320.png 768w, https:\/\/pestalozzidemaceio.org.br\/web\/wp-content\/uploads\/2022\/01\/APRENDIZ-PESTALOZZI-2.png 1200w\" sizes=\"auto, (max-width: 1200px) 100vw, 1200px\" \/><\/figure>\n\n\n\n<p class=\"has-medium-font-size\">O Programa Aprendiz Pestalozzi nasceu com o prop\u00f3sito de capacitar e oferecer oportunidades para a inclus\u00e3o no mercado de trabalho, jovens com e sem defici\u00eancia, desenvolvendo atividades pr\u00e1ticas e te\u00f3ricas. Sob a orienta\u00e7\u00e3o de uma equipe multiprofissional, as atividades pr\u00e1ticas s\u00e3o realizadas simultaneamente nas empresas parceiras.<\/p>\n\n\n\n<p class=\"has-medium-font-size\">Seu objetivo \u00e9 dar a oportunidade de crescimento a jovens, prioritariamente, em situa\u00e7\u00e3o de vulnerabilidade social, por meio da sua inser\u00e7\u00e3o no mercado de trabalho. Em seis anos de atua\u00e7\u00e3o, geramos oportunidade de 577 empregos a jovens com e sem defici\u00eancia.<\/p>\n\n\n\n<p class=\"has-medium-font-size\">\u00c9 o Programa t\u00e9cnico profissional que prev\u00ea a execu\u00e7\u00e3o de atividades te\u00f3ricas e pr\u00e1ticas, sobre a orienta\u00e7\u00e3o de entidade qualificada em forma\u00e7\u00e3o t\u00e9cnico profissional met\u00f3dica. O Programa est\u00e1 pautado na Lei de Aprendizagem estabelecidos na Portaria MTE n\u00ba615, de 13 de dezembro de 2007.<\/p>\n","protected":false},"excerpt":{"rendered":"<p>O Centro de Atendimento Educacional Especializado Genilda Porto \u00e9 um centro de refer\u00eancia para atendimento especializado, prestando servi\u00e7os de qualidade por meio de uma gest\u00e3o eficiente e compartilhada. Possui conv\u00eanio com a Secretaria Municipal de Educa\u00e7\u00e3o &#8211; SEMED, oferecendo Educa\u00e7\u00e3o de Jovens, Adultos e Idosos &#8211; EJAI e Atendimento Educacional Especializado \u2013 AEE. O programa [&hellip;]<\/p>\n","protected":false},"author":1,"featured_media":0,"parent":0,"menu_order":0,"comment_status":"closed","ping_status":"closed","template":"","meta":{"footnotes":""},"class_list":["post-466","page","type-page","status-publish","hentry","entry"],"_links":{"self":[{"href":"https:\/\/pestalozzidemaceio.org.br\/web\/wp-json\/wp\/v2\/pages\/466","targetHints":{"allow":["GET"]}}],"collection":[{"href":"https:\/\/pestalozzidemaceio.org.br\/web\/wp-json\/wp\/v2\/pages"}],"about":[{"href":"https:\/\/pestalozzidemaceio.org.br\/web\/wp-json\/wp\/v2\/types\/page"}],"author":[{"embeddable":true,"href":"https:\/\/pestalozzidemaceio.org.br\/web\/wp-json\/wp\/v2\/users\/1"}],"replies":[{"embeddable":true,"href":"https:\/\/pestalozzidemaceio.org.br\/web\/wp-json\/wp\/v2\/comments?post=466"}],"version-history":[{"count":12,"href":"https:\/\/pestalozzidemaceio.org.br\/web\/wp-json\/wp\/v2\/pages\/466\/revisions"}],"predecessor-version":[{"id":794,"href":"https:\/\/pestalozzidemaceio.org.br\/web\/wp-json\/wp\/v2\/pages\/466\/revisions\/794"}],"wp:attachment":[{"href":"https:\/\/pestalozzidemaceio.org.br\/web\/wp-json\/wp\/v2\/media?parent=466"}],"curies":[{"name":"wp","href":"https:\/\/api.w.org\/{rel}","templated":true}]}}