{"id":877,"date":"2024-12-11T17:21:05","date_gmt":"2024-12-11T20:21:05","guid":{"rendered":"https:\/\/pestalozzidemaceio.org.br\/web\/?page_id=877"},"modified":"2024-12-23T15:48:23","modified_gmt":"2024-12-23T18:48:23","slug":"2021-2","status":"publish","type":"page","link":"https:\/\/pestalozzidemaceio.org.br\/web\/2021-2\/","title":{"rendered":"PROJETOS 2021(Recursos de Emendas Parlamentares)"},"content":{"rendered":"\n<div style=\"height:58px\" aria-hidden=\"true\" class=\"wp-block-spacer\"><\/div>\n\n\n\n<h2 class=\"wp-block-heading\"><strong>Recursos de Emendas Parlamentares<\/strong><\/h2>\n\n\n\n<p><strong>NOME DA OSC: <\/strong>ASSOCIACAO PESTALOZZI DE MACEIO<\/p>\n\n\n\n<p><strong>CNPJ: <\/strong>12.450.268\/0001-04<\/p>\n\n\n\n<ul class=\"wp-block-list\">\n<li>1. <strong>N\u00ba EMENDA: <\/strong>41740019<\/li>\n<\/ul>\n\n\n\n<p><strong>AUTORIA DA EMENDA: <\/strong>Tereza Nelma<strong><\/strong><\/p>\n\n\n\n<p><strong>VALOR TOTAL: <\/strong>R$ 1.199.993,00<\/p>\n\n\n\n<p><strong>VALOR LIBERADO: <\/strong>R$ 1.199.993,00<\/p>\n\n\n\n<p><strong>N\u00ba DO TERMO DE FOMENTO: <\/strong>925022\/2021<\/p>\n\n\n\n<p><strong>IDENTIFICA\u00c7\u00c3O DO \u00d3RG\u00c3O CONCEDENTE: <\/strong>FUNDO NACIONAL DE DESENVOLVIMENTO DA EDUCACAO<strong><\/strong><\/p>\n\n\n\n<p><strong>DATA ASSINATURA DO TERMO DE FOMENTO: <\/strong>31\/12\/2021<\/p>\n\n\n\n<p><strong>OBJETO: <\/strong>Promover a inclus\u00e3o educacional de crian\u00e7as, adolescentes, jovens e adultos e idosos, implementando Servi\u00e7os transdisciplinar e multiprofissionais de atendimento em Educa\u00e7\u00e3o Especial, conforme detalhamento no plano de trabalho.<\/p>\n\n\n\n<p><strong>O VALOR TOTAL DA REMUNERA\u00c7\u00c3O DA EQUIPE DE TRABALHO: <\/strong>R$ 554.687,20<\/p>\n\n\n\n<p><strong>REMUNERA\u00c7\u00c3O PREVISTA PARA O RESPECTIVO EXERC\u00cdCIO:<\/strong><\/p>\n\n\n\n<p><strong>&nbsp;<\/strong>CONTRATA\u00c7\u00c3O DE INSPETOR DE DISCIPLINA: 24.060,13<\/p>\n\n\n\n<p>CONTRATA\u00c7\u00c3O DE OFINCINEIRO \/ INSTRUTOR DE CURSOS LIVRES: 24.060,13<\/p>\n\n\n\n<p>CONTRATA\u00c7\u00c3O DE PSIC\u00d3LOGO: 32.515,47<\/p>\n\n\n\n<p>CONTRATA\u00c7\u00c3O DE OFICINEIRO \/ INSTRUTOR DE CURSOS LIVRES: 24.060,13<\/p>\n\n\n\n<p>CONTRATA\u00c7\u00c3O DE COORDENADORA ADMINISTRATIVA: 44.814,13<\/p>\n\n\n\n<p>CONTRATA\u00c7\u00c3O DE OFINCINEIRO \/ INSTRUTOR DE CURSOS LIVRES: 24.060,13<\/p>\n\n\n\n<p>CONTRATA\u00c7\u00c3O DE SERVI\u00c7OS GERAIS: 20.370,53<\/p>\n\n\n\n<p>CONTRATA\u00c7\u00c3O DE PORTEIRO: 20.370,53<\/p>\n\n\n\n<p>CONTRATA\u00c7\u00c3O DE COORDENADORA PEDAG\u00d3GICA: 39.126,00<\/p>\n\n\n\n<p>CONTRATA\u00c7\u00c3O DE PROFESSORA DE EDUCA\u00c7\u00c3O ESPECIAL: 24.828,80<\/p>\n\n\n\n<p>CONTRATA\u00c7\u00c3O DE ASSISTENTE SOCIAL: 36.358,80<\/p>\n\n\n\n<p>CONTRATA\u00c7\u00c3O DE COORDENADORA PEDAG\u00d3GICA: 39.126,00<\/p>\n\n\n\n<p>CONTRATA\u00c7\u00c3O DE PROFESSORA DE EDUCA\u00c7\u00c3O ESPECIAL: 24.828,80<\/p>\n\n\n\n<p>CONTRATA\u00c7\u00c3O DE PEDAGOGA: 32.515,47<\/p>\n\n\n\n<p>CONTRATA\u00c7\u00c3O DE PROFESSORA DE EDUCA\u00c7\u00c3O ESPECIAL: 24.828,80<\/p>\n\n\n\n<p>CONTRATA\u00c7\u00c3O DE PROFESSORA DE EDUCA\u00c7\u00c3O ESPECIAL: 24.828,80<\/p>\n\n\n\n<p>CONTRATA\u00c7\u00c3O DE AUXILIAR DE COZINHA I: &nbsp;20.985,47<\/p>\n\n\n\n<p>CONTRATA\u00c7\u00c3O DE OFINCINEIRO \/ INSTRUTOR DE CURSOS LIVRES: 24.060,13<\/p>\n\n\n\n<p>CONTRATA\u00c7\u00c3O DE OFINCINEIRO \/ INSTRUTOR DE CURSOS LIVRES: 24.060,13<\/p>\n\n\n\n<p>CONTRATA\u00c7\u00c3O DE AUXILIAR ADMINISTRATIVO: 24.828,80<\/p>\n\n\n\n<p><strong>AS FUN\u00c7\u00d5ES QUE SEUS INTEGRANTES DESEMPENHAM:<\/strong><\/p>\n\n\n\n<p>CONTRATA\u00c7\u00c3O DE INSPETOR DE DISCIPLINA: SUNNY MARIA ALVES DA SILVA<\/p>\n\n\n\n<p>CONTRATA\u00c7\u00c3O DE OFINCINEIRO \/ INSTRUTOR DE CURSOS LIVRES: THIAGO ANTONIO SILVA OLIVEIRA<\/p>\n\n\n\n<p>CONTRATA\u00c7\u00c3O DE PSIC\u00d3LOGA: VILMA RODRIGUES ALBINO<\/p>\n\n\n\n<p>CONTRATA\u00c7\u00c3O DE PSIC\u00d3LOGO &#8211; TACIANO DA SILVA SANTOS<\/p>\n\n\n\n<p>CONTRATA\u00c7\u00c3O DE OFICINEIRO \/ INSTRUTOR DE CURSOS LIVRES: JEFFERSON FRANCISCO ACIOLY<\/p>\n\n\n\n<p>CONTRATA\u00c7\u00c3O DE COORDENADORA ADMINISTRATIVA: ROSEANNE FL\u00c1VIA DE ARAUJO SATIRIO<\/p>\n\n\n\n<p>CONTRATA\u00c7\u00c3O DE OFINCINEIRO \/ INSTRUTOR DE CURSOS LIVRES: RANNON JER\u00d4NIMO DE OLIVEIRA<\/p>\n\n\n\n<p>CONTRATA\u00c7\u00c3O DE SERVI\u00c7OS GERAIS: MAGNO DIOGO VITORINO DA SILVA<\/p>\n\n\n\n<p>CONTRATA\u00c7\u00c3O DE PORTEIRO: JULIANO PAC\u00cdFICO DO NASCIMENTO<\/p>\n\n\n\n<p>CONTRATA\u00c7\u00c3O DE COORDENADORA PEDAG\u00d3GICA: JULIANA FREITAS FERNANDES<\/p>\n\n\n\n<p>CONTRATA\u00c7\u00c3O DE PROFESSORA DE EDUCA\u00c7\u00c3O ESPECIAL: HORT\u00caNCIA KARLA ZACARIAS FELIX CORREIRA<\/p>\n\n\n\n<p>CONTRATA\u00c7\u00c3O DE ASSISTENTE SOCIAL: FERNANDA NOGUEIRA BAS\u00cdLIO SOUZA<\/p>\n\n\n\n<p>CONTRATA\u00c7\u00c3O DE COORDENADORA PEDAGOGICA: ERILEIDE VICENTE DE MOURA BITTENCOURT<\/p>\n\n\n\n<p>CONTRATA\u00c7\u00c3O DE PROFESSORA DE EDUCA\u00c7\u00c3O ESPECIAL: ELAINE MARIA LINS SILVA SANTIAGO<\/p>\n\n\n\n<p>CONTRATA\u00c7\u00c3O DE PEDAGOGA: CRISTIANY DE SOUZA SANTOS<\/p>\n\n\n\n<p>CONTRATA\u00c7\u00c3O DE PROFESSORA DE EDUA\u00c7\u00c3O ESPECIAL: CARINA DE SOUZA SANTOS ALBUQUERQUE<\/p>\n\n\n\n<p>CONTRATA\u00c7\u00c3O DE PROFESSORA DE EDUCA\u00c7\u00c3O ESPECIAL:ANA ROSA RODRIGUES RANGEL<\/p>\n\n\n\n<p>CONTRATA\u00c7\u00c3O DE AUXILIAR DE COZINHA I: &nbsp;ANA PAULA DA SILVA<\/p>\n\n\n\n<p>CONTRATA\u00c7\u00c3O DE OFINCINEIRO \/ INSTRUTOR DE CURSOS LIVRES: ALINE DO NASCIMENTO SILVA<\/p>\n\n\n\n<p>CONTRATA\u00c7\u00c3O DE OFINCINEIRO \/ INSTRUTOR DE CURSOS LIVRES: ALEX TEN\u00d3RIO DE MENESES<\/p>\n\n\n\n<p>CONTRATA\u00c7\u00c3O DE OFINCINEIRO \/ INSTRUTOR DE CURSOS LIVRES: ALDEMIR CONRADO DO NASCIMENTO<\/p>\n\n\n\n<p>CONTRATA\u00c7\u00c3O DE AUXILIAR ADMINISTRATIVO: ALANA BATALHA DE CARVALHO<\/p>\n\n\n\n<p><strong>SITUA\u00c7\u00c3O DA PRESTA\u00c7\u00c3O DE CONTAS DA PARCERIA:<\/strong><\/p>\n\n\n\n<p><strong>DATA LIMITE P\/ PRESTA\u00c7\u00c3O CONTAS:<\/strong> 01\/03\/2025<\/p>\n\n\n\n<p><strong>DATA DA PRESTA\u00c7\u00c3O DE CONTAS ENVIADA: <\/strong>projeto em andamento<\/p>\n\n\n\n<p><strong>RESULTADO CONCLUSIVO: <\/strong>projeto em andamento<\/p>\n\n\n\n<p><a href=\"https:\/\/pestalozzidemaceio.org.br\/web\/wp-content\/uploads\/2024\/12\/Termo-de-Fomento-no-925022-2021.pdf\">Termo-de-Fomento-no-925022-2021.pdf<\/a><\/p>\n\n\n\n<div style=\"height:100px\" aria-hidden=\"true\" class=\"wp-block-spacer\"><\/div>\n\n\n\n<p><\/p>\n\n\n\n<p><strong>NOME DA OSC: <\/strong>ASSOCIACAO PESTALOZZI DE MACEIO<\/p>\n\n\n\n<p><strong>CNPJ: <\/strong>12.450.268\/0001-04<\/p>\n\n\n\n<ul class=\"wp-block-list\">\n<li>2. <strong>N\u00ba EMENDA: <\/strong>41740019<\/li>\n<\/ul>\n\n\n\n<p><strong>AUTORIA DA EMENDA: <\/strong>Tereza Nelma<strong><\/strong><\/p>\n\n\n\n<p><strong>VALOR TOTAL: <\/strong>R$ 271.989,00<\/p>\n\n\n\n<p><strong>VALOR LIBERADO: <\/strong>R$ 271.989,00<\/p>\n\n\n\n<p><strong>N\u00ba DO TERMO DE FOMENTO: <\/strong>921672\/2021<\/p>\n\n\n\n<p><strong>IDENTIFICA\u00c7\u00c3O DO \u00d3RG\u00c3O CONCEDENTE: <\/strong>FUNDO NACIONAL DE DESENVOLVIMENTO DA EDUCACAO<strong><\/strong><\/p>\n\n\n\n<p><strong>DATA ASSINATURA DO TERMO DE FOMENTO: <\/strong>28\/12\/2021<\/p>\n\n\n\n<p><strong>OBJETO: <\/strong>Aquisi\u00e7\u00e3o de equipamentos e mobili\u00e1rios para o Centro de Atendimento Integral em Educa\u00e7\u00e3o Especial.<\/p>\n\n\n\n<p><strong>O VALOR TOTAL DA REMUNERA\u00c7\u00c3O DA EQUIPE DE TRABALHO: <\/strong>N\u00c3O TEM<\/p>\n\n\n\n<p><strong>REMUNERA\u00c7\u00c3O PREVISTA PARA O RESPECTIVO EXERC\u00cdCIO: <\/strong>N\u00c3O TEM<\/p>\n\n\n\n<p><strong>&nbsp;AS FUN\u00c7\u00d5ES QUE SEUS INTEGRANTES DESEMPENHAM: <\/strong>N\u00c3O TEM<\/p>\n\n\n\n<p><strong>SITUA\u00c7\u00c3O DA PRESTA\u00c7\u00c3O DE CONTAS DA PARCERIA:<\/strong><\/p>\n\n\n\n<p><strong>DATA LIMITE P\/ PRESTA\u00c7\u00c3O CONTAS:<\/strong> 26\/02\/2025<\/p>\n\n\n\n<p><strong>DATA DA PRESTA\u00c7\u00c3O DE CONTAS ENVIADA: <\/strong>projeto em andamento<\/p>\n\n\n\n<p><strong>RESULTADO CONCLUSIVO: <\/strong>projeto em andamento<\/p>\n\n\n\n<p><a href=\"https:\/\/pestalozzidemaceio.org.br\/web\/wp-content\/uploads\/2024\/12\/Termo-de-Fomento-no-921672-2021.pdf\">Termo-de-Fomento-no-921672-2021.pdf<\/a><\/p>\n\n\n\n<p><\/p>\n\n\n\n<div style=\"height:100px\" aria-hidden=\"true\" class=\"wp-block-spacer\"><\/div>\n\n\n\n<p><strong>NOME DA OSC: <\/strong>ASSOCIACAO PESTALOZZI DE MACEIO<\/p>\n\n\n\n<p><strong>CNPJ: <\/strong>12.450.268\/0001-04<\/p>\n\n\n\n<ul class=\"wp-block-list\">\n<li>3. <strong>N\u00ba EMENDA: <\/strong>41740015<\/li>\n<\/ul>\n\n\n\n<p><strong>AUTORIA DA EMENDA: <\/strong>Tereza Nelma<strong><\/strong><\/p>\n\n\n\n<p><strong>VALOR TOTAL: <\/strong>R$ 226.600,00<\/p>\n\n\n\n<p><strong>VALOR LIBERADO: <\/strong>R$ 226.600,00<\/p>\n\n\n\n<p><strong>N\u00ba DO TERMO DE FOMENTO: <\/strong>919192\/2021<\/p>\n\n\n\n<p><strong>IDENTIFICA\u00c7\u00c3O DO \u00d3RG\u00c3O CONCEDENTE: <\/strong>MINIST\u00c9RIO DAS MULHERES<strong><\/strong><\/p>\n\n\n\n<p><strong>DATA ASSINATURA DO TERMO DE FOMENTO: <\/strong>09\/12\/2021<\/p>\n\n\n\n<p><strong>OBJETO: <\/strong>Aquisi\u00e7\u00e3o de equipamento e material permanente e adequa\u00e7\u00e3o de espa\u00e7o f\u00edsico da Unidade Aline de Moraes<\/p>\n\n\n\n<p><strong>O VALOR TOTAL DA REMUNERA\u00c7\u00c3O DA EQUIPE DE TRABALHO: <\/strong>N\u00c3O TEM<\/p>\n\n\n\n<p><strong>REMUNERA\u00c7\u00c3O PREVISTA PARA O RESPECTIVO EXERC\u00cdCIO: <\/strong>N\u00c3O TEM<\/p>\n\n\n\n<p><strong>&nbsp;AS FUN\u00c7\u00d5ES QUE SEUS INTEGRANTES DESEMPENHAM: <\/strong>N\u00c3O TEM<\/p>\n\n\n\n<p><strong>SITUA\u00c7\u00c3O DA PRESTA\u00c7\u00c3O DE CONTAS DA PARCERIA:<\/strong> Presta\u00e7\u00e3o de Contas em An\u00e1lise<\/p>\n\n\n\n<p><strong>DATA LIMITE P\/ PRESTA\u00c7\u00c3O CONTAS:<\/strong> 11\/05\/2024<\/p>\n\n\n\n<p><strong>DATA DA PRESTA\u00c7\u00c3O DE CONTAS ENVIADA: <\/strong>11\/05\/2024<\/p>\n\n\n\n<p><strong>RESULTADO CONCLUSIVO: <\/strong>Presta\u00e7\u00e3o de Contas em An\u00e1lise<\/p>\n\n\n\n<p><a href=\"https:\/\/pestalozzidemaceio.org.br\/web\/wp-content\/uploads\/2024\/12\/Termo-de-Fomento-no-919192-2021.pdf\">Termo-de-Fomento-no-919192-2021.pdf<\/a><\/p>\n\n\n\n<div style=\"height:100px\" aria-hidden=\"true\" class=\"wp-block-spacer\"><\/div>\n\n\n\n<p><strong>NOME DA OSC: <\/strong>ASSOCIACAO PESTALOZZI DE MACEIO<\/p>\n\n\n\n<p><strong>CNPJ: <\/strong>12.450.268\/0001-04<\/p>\n\n\n\n<ul class=\"wp-block-list\">\n<li>4. <strong>N\u00ba EMENDA: <\/strong>41740015<\/li>\n<\/ul>\n\n\n\n<p><strong>AUTORIA DA EMENDA: <\/strong>Tereza Nelma<strong><\/strong><\/p>\n\n\n\n<p><strong>VALOR TOTAL: <\/strong>R$ 999.490,00<\/p>\n\n\n\n<p><strong>VALOR LIBERADO: <\/strong>R$ 999.490,00<\/p>\n\n\n\n<p><strong>N\u00ba DO TERMO DE FOMENTO: <\/strong>919277\/2021<\/p>\n\n\n\n<p><strong>IDENTIFICA\u00c7\u00c3O DO \u00d3RG\u00c3O CONCEDENTE: <\/strong>Presid\u00eancia da Rep\u00fablica<strong><\/strong><\/p>\n\n\n\n<p><strong>DATA ASSINATURA DO TERMO DE FOMENTO: <\/strong>31\/12\/2021<\/p>\n\n\n\n<p><strong>OBJETO: <\/strong>Forma\u00e7\u00e3o profissional de jovens com idades entre 15 e 29 anos do estado de Alagoas, em situa\u00e7\u00e3o de vulnerabilidade social e econ\u00f4mica, auxiliando na inser\u00e7\u00e3o qualificada destes no mercado de trabalho.<\/p>\n\n\n\n<p><strong>O VALOR TOTAL DA REMUNERA\u00c7\u00c3O DA EQUIPE DE TRABALHO: <\/strong>R$ 491.632,40<\/p>\n\n\n\n<p><strong>REMUNERA\u00c7\u00c3O PREVISTA PARA O RESPECTIVO EXERC\u00cdCIO:<\/strong><\/p>\n\n\n\n<p>CONTRATA\u00c7\u00c3O DE EDUCADOR SOCIAL: 22.324,43<\/p>\n\n\n\n<p>CONTRATA\u00c7\u00c3O DE EDUCADOR SOCIAL: 22.324,43<\/p>\n\n\n\n<p>CONTRATA\u00c7\u00c3O DE EDUCADOR SOCIAL: 22.324,43<\/p>\n\n\n\n<p>CONTRATA\u00c7\u00c3O DE PSICOLOGIA: 24.716,00<\/p>\n\n\n\n<p>CONTRATA\u00c7\u00c3O DE EDUCADOR SOCIAL: 22.256,27<\/p>\n\n\n\n<p>CONTRATA\u00c7\u00c3O DE EDUCADOR SOCIAL: 22.256,27<\/p>\n\n\n\n<p>CONTRATA\u00c7\u00c3O DE EDUCADOR SOCIAL: 22.256,27<\/p>\n\n\n\n<p>CONTRATA\u00c7\u00c3O DE MOTORISTA: 24.408,53<\/p>\n\n\n\n<p>CONTRATA\u00c7\u00c3O DE PSIC\u00d3LOGA: 25.056,80<\/p>\n\n\n\n<p>CONTRATA\u00c7\u00c3O DE COORDENADORA PEDAG\u00d3GICA: 32.402,67<\/p>\n\n\n\n<p>CONTRATA\u00c7\u00c3O DE COORDENADOR ADMINISTRATIVO: 76.866,67<\/p>\n\n\n\n<p>CONTRATA\u00c7\u00c3O DE MOTORISTA: 24.749,33<\/p>\n\n\n\n<p>CONTRATA\u00c7\u00c3O DE ASSISTENTE SOCIAL: 24.716,00<\/p>\n\n\n\n<p>CONTRATA\u00c7\u00c3O DE EDUCADOR SOCIAL: 25.056,80<\/p>\n\n\n\n<p>CONTRATA\u00c7\u00c3O DE EDUCADOR SOCIAL: 22.256,27<\/p>\n\n\n\n<p>CONTRATA\u00c7\u00c3O DE EDUCADOR SOCIAL: 22.256,27<\/p>\n\n\n\n<p>CONTRATA\u00c7\u00c3O DE COORDENADOR PEDAG\u00d3GICO: 32.743,47<\/p>\n\n\n\n<p>CONTRATA\u00c7\u00c3O DE COORDENADOR PEDAG\u00d3GICO: 27.299,09<\/p>\n\n\n\n<p>CONTRATA\u00c7\u00c3O DE EDUCADOR SOCIAL: 22.324,43<\/p>\n\n\n\n<p>CONTRATA\u00c7\u00c3O DE ASSISTENTE SOCIAL: 25.055,80<\/p>\n\n\n\n<p>CONTRATA\u00c7\u00c3O DE INTERPRETE DE LIBRAS: 25.056,80<\/p>\n\n\n\n<p>CONTRATA\u00c7\u00c3O DE COORDENADOR PEDAG\u00d3GICO: 27.299,09<\/p>\n\n\n\n<p>CONTRATA\u00c7\u00c3O DE ANALISTA DE TECNOLOGIA DE INOVA\u00c7\u00c3O: 29.822,53<\/p>\n\n\n\n<p><strong>&nbsp;AS FUN\u00c7\u00d5ES QUE SEUS INTEGRANTES DESEMPENHAM:<\/strong><\/p>\n\n\n\n<p>CONTRATA\u00c7\u00c3O DE EDUCADOR SOCIAL: ALINE DAIANE DA SILVA OLIVEIRA SOUZA<\/p>\n\n\n\n<p>CONTRATA\u00c7\u00c3O DE EDUCADOR SOCIAL: DANIELE CRISTINE SILVA DE OLIVEIRA<\/p>\n\n\n\n<p>CONTRATA\u00c7\u00c3O DE EDUCADOR SOCIAL: DANYELE LIMA BARROS<\/p>\n\n\n\n<p>CONTRATA\u00c7\u00c3O DE PSICOLOGIA: ELAINE FRANCISCA SANTOS DO NASCIMENTO<\/p>\n\n\n\n<p>CONTRATA\u00c7\u00c3O DE EDUCADOR SOCIAL: JO\u00c3O CLAUDIO PIMENTEL GON\u00c7ALVES DE JESUS<\/p>\n\n\n\n<p>CONTRATA\u00c7\u00c3O DE EDUCADOR SOCIAL: LUCINEIDE FEITOSA DE ARAUJO<\/p>\n\n\n\n<p>CONTRATA\u00c7\u00c3O DE EDUCADOR SOCIAL: MARIA ADRIELY DOS SANTOS SILVA<\/p>\n\n\n\n<p>CONTRATA\u00c7\u00c3O DE MOTORISTA: MATHEUS BEZERRA GON\u00c7ALVES<\/p>\n\n\n\n<p>CONTRATA\u00c7\u00c3O DE PSIC\u00d3LOGA: RAQUEL DOS SANTOS TORRES<\/p>\n\n\n\n<p>CONTRATA\u00c7\u00c3O DE COORDENADORA PEDAG\u00d3GICA: SUSANNE MESSIAS DE FARIAS<\/p>\n\n\n\n<p>CONTRATA\u00c7\u00c3O DE COORDENADOR ADMINISTRATIVO: THIAGO PEREIRA DO NASCIMENTO<\/p>\n\n\n\n<p>CONTRATA\u00c7\u00c3O DE MOTORISTA: THOMAS DE JESUS CAVALCANTE<\/p>\n\n\n\n<p>CONTRATA\u00c7\u00c3O DE ASSISTENTE SOCIAL: WESLLEY KLLEY VALETINO ROCHA<\/p>\n\n\n\n<p>CONTRATA\u00c7\u00c3O DE EDUCADOR SOCIAL: SIMONE DA SILVA GALDINO<\/p>\n\n\n\n<p>CONTRATA\u00c7\u00c3O DE EDUCADOR SOCIAL: GLEIZYELLE LIMA SANTOS<\/p>\n\n\n\n<p>CONTRATA\u00c7\u00c3O DE EDUCADOR SOCIAL: LUCICLEA MARIA DOS SANTOS<\/p>\n\n\n\n<p>CONTRATA\u00c7\u00c3O DE COORDENADOR PEDAG\u00d3GICO: MARIA CICERA SANDES ARA\u00daJO<\/p>\n\n\n\n<p>CONTRATA\u00c7\u00c3O DE COORDENADOR PEDAG\u00d3GICO: EDME DE ALMEIDA VIEIRA<\/p>\n\n\n\n<p>CONTRATA\u00c7\u00c3O DE EDUCADOR SOCIAL: RAFAELA FREITAS DOS SANTOS<\/p>\n\n\n\n<p>CONTRATA\u00c7\u00c3O DE ASSISTENTE SOCIAL: VANDIRA SALDANHA DE MOURA LEONCIO<\/p>\n\n\n\n<p>CONTRATA\u00c7\u00c3O DE INTERPRETE DE LIBRAS: BARBARA EVELYN LOPES DA SILVA<\/p>\n\n\n\n<p>CONTRATA\u00c7\u00c3O DE COORDENADOR PEDAG\u00d3GICO: MARIA SILVANIA DE MEDEIROS DA SILVA<\/p>\n\n\n\n<p>CONTRATA\u00c7\u00c3O DE ANALISTA DE TECNOLOGIA DE INOVA\u00c7\u00c3O: JOSELITA GUERRISE MELO<\/p>\n\n\n\n<p><strong>SITUA\u00c7\u00c3O DA PRESTA\u00c7\u00c3O DE CONTAS DA PARCERIA:<\/strong><\/p>\n\n\n\n<p><strong>DATA LIMITE P\/ PRESTA\u00c7\u00c3O CONTAS:<\/strong> 29\/12\/2024<\/p>\n\n\n\n<p><strong>DATA DA PRESTA\u00c7\u00c3O DE CONTAS ENVIADA: <\/strong>em presta\u00e7\u00e3o de contas<\/p>\n\n\n\n<p><strong>RESULTADO CONCLUSIVO: <\/strong>Aguardando Presta\u00e7\u00e3o de Contas<\/p>\n\n\n\n<p><a href=\"https:\/\/pestalozzidemaceio.org.br\/web\/wp-content\/uploads\/2024\/12\/Termo-de-Fomento-no-919277-2021.pdf\">Termo-de-Fomento-no-919277-2021.pdf<\/a><\/p>\n\n\n\n<p><\/p>\n\n\n\n<div style=\"height:100px\" aria-hidden=\"true\" class=\"wp-block-spacer\"><\/div>\n\n\n\n<p><strong>NOME DA OSC: <\/strong>ASSOCIACAO PESTALOZZI DE MACEIO<\/p>\n\n\n\n<p><strong>CNPJ: <\/strong>12.450.268\/0001-04<\/p>\n\n\n\n<ul class=\"wp-block-list\">\n<li>5. <strong>N\u00ba EMENDA: <\/strong>41740014<\/li>\n<\/ul>\n\n\n\n<p><strong>AUTORIA DA EMENDA: <\/strong>Tereza Nelma<strong><\/strong><\/p>\n\n\n\n<p><strong>VALOR TOTAL: <\/strong>R$ 268.667,00<\/p>\n\n\n\n<p><strong>VALOR LIBERADO: <\/strong>R$ 268.667,00<\/p>\n\n\n\n<p><strong>N\u00ba DO TERMO DE FOMENTO: <\/strong>918922\/2021<\/p>\n\n\n\n<p><strong>IDENTIFICA\u00c7\u00c3O DO \u00d3RG\u00c3O CONCEDENTE: <\/strong>MINISTERIO DA SAUDE<strong><\/strong><\/p>\n\n\n\n<p><strong>DATA ASSINATURA DO TERMO DE FOMENTO: <\/strong>21\/12\/2021<\/p>\n\n\n\n<p><strong>OBJETO: <\/strong>AQUISI\u00c7\u00c3O DE UNIDADE M\u00d3VEL DE SA\u00daDE<\/p>\n\n\n\n<p><strong>O VALOR TOTAL DA REMUNERA\u00c7\u00c3O DA EQUIPE DE TRABALHO: <\/strong>N\u00c3O TEM<\/p>\n\n\n\n<p><strong>REMUNERA\u00c7\u00c3O PREVISTA PARA O RESPECTIVO EXERC\u00cdCIO: <\/strong>N\u00c3O TEM<\/p>\n\n\n\n<p><strong>&nbsp;AS FUN\u00c7\u00d5ES QUE SEUS INTEGRANTES DESEMPENHAM: <\/strong>N\u00c3O TEM<\/p>\n\n\n\n<p><strong>SITUA\u00c7\u00c3O DA PRESTA\u00c7\u00c3O DE CONTAS DA PARCERIA:<\/strong><\/p>\n\n\n\n<p><strong>DATA LIMITE P\/ PRESTA\u00c7\u00c3O CONTAS:<\/strong> 13\/09\/2023<\/p>\n\n\n\n<p><strong>DATA DA PRESTA\u00c7\u00c3O DE CONTAS ENVIADA: <\/strong>13\/09\/2023<\/p>\n\n\n\n<p><strong>RESULTADO CONCLUSIVO: <\/strong>Presta\u00e7\u00e3o de Contas Conclu\u00edda<\/p>\n\n\n\n<p><a href=\"https:\/\/pestalozzidemaceio.org.br\/web\/wp-content\/uploads\/2024\/12\/Termo-do-Convenio-no-918922-2021.pdf\">Termo-do-Convenio-no-918922-2021.pdf<\/a><\/p>\n\n\n\n<div style=\"height:100px\" aria-hidden=\"true\" class=\"wp-block-spacer\"><\/div>\n\n\n\n<p><\/p>\n\n\n\n<p><strong>NOME DA OSC: <\/strong>ASSOCIACAO PESTALOZZI DE MACEIO<\/p>\n\n\n\n<p><strong>CNPJ: <\/strong>12.450.268\/0001-04<\/p>\n\n\n\n<ul class=\"wp-block-list\">\n<li>6. <strong>N\u00ba EMENDA: <\/strong>41740015<\/li>\n<\/ul>\n\n\n\n<p><strong>AUTORIA DA EMENDA: <\/strong>Tereza Nelma<strong><\/strong><\/p>\n\n\n\n<p><strong>VALOR TOTAL: <\/strong>R$ 123.400,00<\/p>\n\n\n\n<p><strong>VALOR LIBERADO: <\/strong>R$ 123.400,00<\/p>\n\n\n\n<p><strong>N\u00ba DO TERMO DE FOMENTO: <\/strong>919144\/2021<\/p>\n\n\n\n<p><strong>IDENTIFICA\u00c7\u00c3O DO \u00d3RG\u00c3O CONCEDENTE: <\/strong>MINIST\u00c9RIO DAS MULHERES<strong><\/strong><\/p>\n\n\n\n<p><strong>DATA ASSINATURA DO TERMO DE FOMENTO: <\/strong>09\/12\/2021<\/p>\n\n\n\n<p><strong>OBJETO: <\/strong>Capacita\u00e7\u00e3o de mulheres membras da comunidade marisqueira, no desenvolvimento de pe\u00e7as aproveitando os res\u00edduos da cadeia produtiva do sururu.<\/p>\n\n\n\n<p><strong>O VALOR TOTAL DA REMUNERA\u00c7\u00c3O DA EQUIPE DE TRABALHO: <\/strong>N\u00c3O TEM<\/p>\n\n\n\n<p><strong>REMUNERA\u00c7\u00c3O PREVISTA PARA O RESPECTIVO EXERC\u00cdCIO: <\/strong>N\u00c3O TEM<\/p>\n\n\n\n<p><strong>&nbsp;AS FUN\u00c7\u00d5ES QUE SEUS INTEGRANTES DESEMPENHAM: <\/strong>N\u00c3O TEM<\/p>\n\n\n\n<p><strong>SITUA\u00c7\u00c3O DA PRESTA\u00c7\u00c3O DE CONTAS DA PARCERIA:<\/strong><\/p>\n\n\n\n<p><strong>DATA LIMITE P\/ PRESTA\u00c7\u00c3O CONTAS:<\/strong> 03\/09\/2024<\/p>\n\n\n\n<p><strong>DATA DA PRESTA\u00c7\u00c3O DE CONTAS ENVIADA: <\/strong>03\/09\/2024<\/p>\n\n\n\n<p><strong>RESULTADO CONCLUSIVO: <\/strong>Presta\u00e7\u00e3o de Contas enviada para An\u00e1lise<\/p>\n\n\n\n<p><a href=\"https:\/\/pestalozzidemaceio.org.br\/web\/wp-content\/uploads\/2024\/12\/Termo-de-Fomento-no-919144-2021.pdf\">Termo-de-Fomento-no-919144-2021.pdf<\/a><\/p>\n\n\n\n<div style=\"height:100px\" aria-hidden=\"true\" class=\"wp-block-spacer\"><\/div>\n\n\n\n<p><\/p>\n\n\n\n<p><\/p>\n","protected":false},"excerpt":{"rendered":"<p>Recursos de Emendas Parlamentares NOME DA OSC: ASSOCIACAO PESTALOZZI DE MACEIO CNPJ: 12.450.268\/0001-04 AUTORIA DA EMENDA: Tereza Nelma VALOR TOTAL: R$ 1.199.993,00 VALOR LIBERADO: R$ 1.199.993,00 N\u00ba DO TERMO DE FOMENTO: 925022\/2021 IDENTIFICA\u00c7\u00c3O DO \u00d3RG\u00c3O CONCEDENTE: FUNDO NACIONAL DE DESENVOLVIMENTO DA EDUCACAO DATA ASSINATURA DO TERMO DE FOMENTO: 31\/12\/2021 OBJETO: Promover a inclus\u00e3o educacional de [&hellip;]<\/p>\n","protected":false},"author":3,"featured_media":0,"parent":0,"menu_order":0,"comment_status":"closed","ping_status":"closed","template":"","meta":{"footnotes":""},"class_list":["post-877","page","type-page","status-publish","hentry","entry"],"_links":{"self":[{"href":"https:\/\/pestalozzidemaceio.org.br\/web\/wp-json\/wp\/v2\/pages\/877","targetHints":{"allow":["GET"]}}],"collection":[{"href":"https:\/\/pestalozzidemaceio.org.br\/web\/wp-json\/wp\/v2\/pages"}],"about":[{"href":"https:\/\/pestalozzidemaceio.org.br\/web\/wp-json\/wp\/v2\/types\/page"}],"author":[{"embeddable":true,"href":"https:\/\/pestalozzidemaceio.org.br\/web\/wp-json\/wp\/v2\/users\/3"}],"replies":[{"embeddable":true,"href":"https:\/\/pestalozzidemaceio.org.br\/web\/wp-json\/wp\/v2\/comments?post=877"}],"version-history":[{"count":14,"href":"https:\/\/pestalozzidemaceio.org.br\/web\/wp-json\/wp\/v2\/pages\/877\/revisions"}],"predecessor-version":[{"id":979,"href":"https:\/\/pestalozzidemaceio.org.br\/web\/wp-json\/wp\/v2\/pages\/877\/revisions\/979"}],"wp:attachment":[{"href":"https:\/\/pestalozzidemaceio.org.br\/web\/wp-json\/wp\/v2\/media?parent=877"}],"curies":[{"name":"wp","href":"https:\/\/api.w.org\/{rel}","templated":true}]}}