{"id":886,"date":"2024-12-11T17:22:05","date_gmt":"2024-12-11T20:22:05","guid":{"rendered":"https:\/\/pestalozzidemaceio.org.br\/web\/?page_id=886"},"modified":"2024-12-18T11:12:24","modified_gmt":"2024-12-18T14:12:24","slug":"2024-2","status":"publish","type":"page","link":"https:\/\/pestalozzidemaceio.org.br\/web\/2024-2\/","title":{"rendered":"Projetos 2024(Recursos de Emendas Parlamentares)"},"content":{"rendered":"\n<p><strong>Comunicado<\/strong>: Informamos em aten\u00e7\u00e3o \u00e0 decis\u00e3o proferida na ADFP 854, que a Associa\u00e7\u00e3o Pestalozzi de Macei\u00f3 n\u00e3o recebeu recursos de emendas parlamentares em 2024<\/p>\n\n\n\n<p><\/p>\n","protected":false},"excerpt":{"rendered":"<p>Comunicado: Informamos em aten\u00e7\u00e3o \u00e0 decis\u00e3o proferida na ADFP 854, que a Associa\u00e7\u00e3o Pestalozzi de Macei\u00f3 n\u00e3o recebeu recursos de emendas parlamentares em 2024<\/p>\n","protected":false},"author":3,"featured_media":0,"parent":0,"menu_order":0,"comment_status":"closed","ping_status":"closed","template":"","meta":{"footnotes":""},"class_list":["post-886","page","type-page","status-publish","hentry","entry"],"_links":{"self":[{"href":"https:\/\/pestalozzidemaceio.org.br\/web\/wp-json\/wp\/v2\/pages\/886","targetHints":{"allow":["GET"]}}],"collection":[{"href":"https:\/\/pestalozzidemaceio.org.br\/web\/wp-json\/wp\/v2\/pages"}],"about":[{"href":"https:\/\/pestalozzidemaceio.org.br\/web\/wp-json\/wp\/v2\/types\/page"}],"author":[{"embeddable":true,"href":"https:\/\/pestalozzidemaceio.org.br\/web\/wp-json\/wp\/v2\/users\/3"}],"replies":[{"embeddable":true,"href":"https:\/\/pestalozzidemaceio.org.br\/web\/wp-json\/wp\/v2\/comments?post=886"}],"version-history":[{"count":4,"href":"https:\/\/pestalozzidemaceio.org.br\/web\/wp-json\/wp\/v2\/pages\/886\/revisions"}],"predecessor-version":[{"id":936,"href":"https:\/\/pestalozzidemaceio.org.br\/web\/wp-json\/wp\/v2\/pages\/886\/revisions\/936"}],"wp:attachment":[{"href":"https:\/\/pestalozzidemaceio.org.br\/web\/wp-json\/wp\/v2\/media?parent=886"}],"curies":[{"name":"wp","href":"https:\/\/api.w.org\/{rel}","templated":true}]}}